on factor of q and 20?
20
Suppose u - 16 = -12. Suppose d - 2*d = m - 7, 4 = m + u*d. Suppose -1502 + 350 = -m*o. What is the greatest common divisor of o and 16?
16
Let q be 3/6 - (-2)/4*-33. Let f = q - -27. What is the highest common divisor of f and 77?
11
Let o = 33 - 33. Suppose o = -9*k - k + 60. Let i(a) = a**2 - 8*a + 13. Let g be i(7). What is the greatest common divisor of k and g?
6
Suppose 0 = 13*v - 18*v, -v = -5*h + 15. Suppose -h*b = -c + 378, -4*c + b + 1432 = 5*b. What is the highest common factor of c and 33?
33
Let j be (-152)/(-32)*-8*11. Let r = j + 448. Calculate the greatest common divisor of r and 255.
15
Let j(u) = 16*u**3 + 529*u**2 + 18*u + 44. Let q be j(-33). Calculate the greatest common factor of q and 1323.
49
Let c be (7/(-2))/(1/(-112)). Suppose -108*a + c = -104*a. Suppose y = -5*b + 121, 5*b + 3*y - 25 = a. What is the greatest common divisor of b and 264?
24
Let b = 1812 - 1798. Calculate the greatest common factor of 42 and b.
14
Let t = -12 - -15. Suppose t*s - 3*b = -2*s + 87, 0 = 2*s + 2*b - 22. Let o be (14 - s)/((-1)/17). What is the greatest common divisor of 187 and o?
17
Suppose 2757 = 11*s + 2413 - 2956. What is the highest common factor of s and 2180?
20
Let l = -215 - -384. Let a be (-459)/(-68) - 925/(-148). What is the greatest common divisor of a and l?
13
Let c(a) = -18*a**3 + 42*a**2 + 169*a - 9. Let q be c(-4). What is the highest common factor of q and 201?
67
Let a be ((-164)/(4/2))/(33 - 32). Let y = -144 - a. Let s = y - -76. Calculate the highest common divisor of 14 and s.
14
Suppose -497*l = -477*l - 4000. Calculate the greatest common factor of 5300 and l.
100
Suppose t = -4*f - 13 + 26, 0 = 2*f - t - 11. Let z(w) = 9*w - 8 + 11 + 6*w. Let b be z(f). Calculate the highest common factor of b and 9.
9
Suppose -6*q + 276 = -0*q. Let w(d) = -15*d + 56. Let z be w(-7). Calculate the highest common factor of q and z.
23
Let j(y) = 7*y**2 + 16*y + 14. Suppose -18 = 3*g + 3. Let d be j(g). Suppose -6*v = -v - 175. What is the highest common divisor of d and v?
35
Let v = 117 - 79. Let h(i) = -542 + 7*i - 13*i + 135 - 19*i - 139. Let f be h(-34). What is the highest common divisor of v and f?
38
Suppose 8*m - 31 = 57. Suppose -75 = -78*x + 63*x. Calculate the highest common factor of x and m.
1
Let d(f) = -f - 2. Let r(v) = v**2 - 10*v + 5. Let o be r(9). Let l be d(o). What is the greatest common divisor of 26 and l?
2
Let v(k) = -k**2 - 6*k + 3. Let j be v(-6). Suppose x - 349 - 99 = -3*l, -5*x = -j*l + 460. What is the greatest common divisor of l and 60?
30
Suppose 3*i + 20 = i + 2*l, i + l = 0. Let m(r) = -17*r - 1. Let c be m(i). Calculate the greatest common divisor of c and 63.
21
Suppose 3*m + 17 = g, 2*g + 2*g - 2*m - 88 = 0. Suppose -g*s = -21*s - 36. Calculate the highest common factor of 36 and s.
18
Suppose 0*b + v = -3*b + 41, -5*v + 10 = 2*b. Let n(p) = -9*p**3 - 133*p**2 + 7*p - 210. Let x be n(-15). What is the highest common divisor of b and x?
15
Let n(s) = -9*s + 80. Let i be n(8). Suppose 5*o - 78 = -4*f, 3*o + 3*f = 4*o - i. What is the greatest common divisor of 322 and o?
14
Let s = 639 + -629. Calculate the greatest common factor of 1280 and s.
10
Let g = -4142 - -4151. Suppose -1 = -3*o + 8. Let t = o - -6. Calculate the highest common divisor of g and t.
9
Let c = -5309 - -5358. Suppose -5*a = -v + 44 + 11, -5*a = v - 15. What is the greatest common factor of v and c?
7
Let r be ((-306)/(-7))/(345/1610). What is the highest common divisor of r and 255?
51
Suppose -31*m = -30*m - 3*p - 48, 0 = 4*m + 4*p - 80. Calculate the greatest common factor of 1899 and m.
9
Suppose -4*m - 52756 = -48*m. Calculate the highest common divisor of 55 and m.
11
Let i = 1972 + 57143. Calculate the highest common divisor of i and 21.
21
Let s(q) = -34*q + 4. Let b be s(0). Let c be (-3)/b - (-1590)/40. What is the highest common divisor of c and 1209?
39
Suppose -118 = -4*z + 3*v, -5*z - 41*v + 37*v + 163 = 0. Calculate the highest common divisor of 42811 and z.
31
Let u(h) = 2*h. Let s(n) = -n + 11. Let r(i) = -s(i) - 2*u(i). Let b be r(-14). Calculate the greatest common factor of 1 and b.
1
Let q be (684/(-190))/(4/(-310)). Let h = q - 204. What is the highest common divisor of h and 50?
25
Let k be (-1 - 0)*(1 + 4). Let x be 0 + 0 - 9*k. Suppose -84*f + 126 = -79*f + 2*c - 0*c, -138 = -5*f - c. What is the greatest common factor of x and f?
15
Let h be 0 + -2 + -4 + (-3 - -5843). Suppose 3*q + 422 - h = -2*m, -3*q - m + 5415 = 0. What is the highest common divisor of 42 and q?
42
Suppose -250*y = -246*y - 5*u - 3315, 4*u = -2*y + 1638. Let v(r) = r**3 + 8*r**2 + 3. Let f be v(-6). Calculate the highest common factor of f and y.
75
Suppose -17*w = 2*w - 76. Suppose -20 = -w*s, 4*p + 2*s + s = 339. What is the greatest common factor of 9 and p?
9
Suppose 2*a = a + 15. Suppose 4*q = -6*q + 40. Suppose -q*j - 484 = -4*x + 16, 5*x - 575 = -5*j. What is the highest common factor of a and x?
15
Let v = 33 - 20. Suppose -54 = -2*t + 4*r, -3*t - 5*r = -15 + 11. What is the greatest common factor of t and v?
13
Suppose -176 = 29*d - 40*d. Suppose -d*n + 3360 = 4*n. What is the highest common factor of n and 24?
24
Let i = 74 - 69. Let z = 39 - 12. Let q be 44 - 9/(z/12). Calculate the greatest common divisor of q and i.
5
Let l = -92 + 473. Let f = l - 360. What is the greatest common factor of f and 6?
3
Suppose -43*m + 56835 = -26*m + 973. What is the highest common divisor of 310 and m?
62
Let o(u) = -27*u - 12. Let t be o(-3). Let s = -35 + t. Let n(d) = d + 68. Let a be n(0). What is the greatest common divisor of s and a?
34
Let p = 16521 + -15963. Calculate the greatest common divisor of p and 3999.
93
Let x = 13 + -8. Let o(m) be the third derivative of -m**5/20 + 5*m**4/8 + 7*m**3/6 - 31*m**2. Let s be o(x). What is the highest common factor of 63 and s?
7
Suppose g - 5*g + 3*m = 26, -3*m = 3*g + 30. Let v = 35 + g. Calculate the greatest common divisor of 21 and v.
3
Let c = 621 - 554. What is the greatest common divisor of 4757 and c?
67
Let f = 15123 - 14892. Let w be (-2)/(-3) - 124/(-3). What is the highest common factor of w and f?
21
Let t = 625 - -876. Calculate the highest common divisor of 395 and t.
79
Suppose 3*w - 2*p = -370, -2*w + 4*w + 244 = 4*p. Let a = 215 + w. Calculate the greatest common divisor of 1001 and a.
91
Suppose -3023 = 91*d - 10667. What is the greatest common factor of d and 2373?
21
Suppose -4*d - 1677 + 1721 = 0. Let v be (-36)/(-12) - 701*-1. Calculate the highest common divisor of d and v.
11
Let i be 1/((-4)/5)*(10 + -14). Suppose i = -j, -5*k + j = -k - 113. Suppose -34*f + 392 = -k*f. What is the highest common factor of f and 56?
56
Let s be (297 - 264)*(-1 + 119). What is the greatest common divisor of 88 and s?
22
Suppose -4*i - 4*h = -168, 5*h - 10*h + 130 = 3*i. Let f(v) = 26*v - 5. Let c be f(7). Suppose -c = -3*m + 3. Calculate the greatest common factor of m and i.
20
Suppose 40*v - 42*v - 352 = 0. Let n = v + 236. What is the greatest common divisor of n and 150?
30
Suppose 7049 = 60*z - 3451. What is the highest common factor of 125 and z?
25
Let n(a) = a - 1. Let j(s) = s**2. Let p(i) = 3*j(i) + 3*n(i). Let w be p(-2). Let q be 28/w*6/4. Calculate the greatest common divisor of 2 and q.
2
Suppose -467*b + 473*b = 192. Calculate the greatest common factor of 2192 and b.
16
Suppose -26 = -o - 17*h + 20*h, 2*h = o - 21. Suppose -78 = -o*b - 2*b. Calculate the greatest common divisor of b and 36.
6
Suppose 0 = -0*f + 5*f - 350. Suppose 0 = -0*x + 5*x - f. Let s = -7689 + 7703. What is the highest common divisor of x and s?
14
Let x be 76/16 - 9/12. Suppose -4*r + 3*r + 99 = -x*f, 0 = 5*f. Suppose 0 = -71*s + 355 + 284. What is the highest common divisor of r and s?
9
Suppose -951*a + 946*a + 2*p = -99, -5*a - p = -108. Calculate the highest common divisor of 177 and a.
3
Suppose -4*m + 1294 = -0*m + 3*q, -m + 5*q = -335. Calculate the highest common factor of 143 and m.
13
Let x(a) = a**2 + 3*a - 51. Let y be x(6). What is the greatest common factor of 393 and y?
3
Suppose -300 = -4*g - 3*u, -2*u - 356 = -5*g - u. Let m = g + -7. What is the highest common factor of m and 5?
5
Let s = -242 - -491. Let z = 345 - s. What is the gre